{"id":237,"date":"2017-11-20T16:04:33","date_gmt":"2017-11-20T15:04:33","guid":{"rendered":"https:\/\/www.onlineanwalt.com\/Martin-Walzer\/?page_id=237"},"modified":"2023-12-11T15:07:04","modified_gmt":"2023-12-11T14:07:04","slug":"anwaltskanzlei","status":"publish","type":"page","link":"https:\/\/www.onlineanwalt.com\/Martin-Walzer\/de\/anwaltskanzlei\/","title":{"rendered":"Anwaltskanzlei"},"content":{"rendered":"<div id=\"pl-237\"  class=\"panel-layout\" ><div id=\"pg-237-0\"  class=\"panel-grid panel-no-style\" ><div id=\"pgc-237-0-0\"  class=\"panel-grid-cell\" ><div id=\"panel-237-0-0-0\" class=\"so-panel widget widget_siteorigin-panels-builder panel-first-child panel-last-child\" data-index=\"0\" ><div class=\"top-left panel-widget-style panel-widget-style-for-237-0-0-0\" ><div id=\"pl-w5acf1d9166d27\"  class=\"panel-layout\" ><div id=\"pg-w5acf1d9166d27-0\"  class=\"panel-grid panel-has-style\" ><div class=\"panel-row-style panel-row-style-for-w5acf1d9166d27-0\" ><div id=\"pgc-w5acf1d9166d27-0-0\"  class=\"panel-grid-cell\" ><div id=\"panel-w5acf1d9166d27-0-0-0\" class=\"so-panel widget widget_black-studio-tinymce widget_black_studio_tinymce panel-first-child\" data-index=\"0\" ><div class=\"panel-widget-style panel-widget-style-for-w5acf1d9166d27-0-0-0\" ><div class=\"textwidget\"><p style=\"text-align: center;\"><img loading=\"lazy\" decoding=\"async\" class=\"aligncenter size-full wp-image-185\" src=\"https:\/\/www.onlineanwalt.com\/Martin-Walzer\/wp-content\/uploads\/2017\/11\/Martin-Walzer-Anwalt.jpg\" alt=\"Martin Walzer Rechtsanwalt D\u00fcsseldorf - Portrait\" width=\"258\" height=\"313\" srcset=\"https:\/\/www.onlineanwalt.com\/Martin-Walzer\/wp-content\/uploads\/2017\/11\/Martin-Walzer-Anwalt.jpg 258w, https:\/\/www.onlineanwalt.com\/Martin-Walzer\/wp-content\/uploads\/2017\/11\/Martin-Walzer-Anwalt-247x300.jpg 247w\" sizes=\"(max-width: 258px) 85vw, 258px\" \/><\/p><\/div><\/div><\/div><div id=\"panel-w5acf1d9166d27-0-0-1\" class=\"so-panel widget widget_black-studio-tinymce widget_black_studio_tinymce\" data-index=\"1\" ><div class=\"bluebalken panel-widget-style panel-widget-style-for-w5acf1d9166d27-0-0-1\" ><div class=\"textwidget\"><h5 style=\"text-align: center;\"><span style=\"font-size: 14pt;\">Martin Walzer<strong><br \/><\/strong><\/span><\/h5>\n<\/div><\/div><\/div><div id=\"panel-w5acf1d9166d27-0-0-2\" class=\"so-panel widget widget_black-studio-tinymce widget_black_studio_tinymce panel-last-child\" data-index=\"2\" ><div class=\"contact-left panel-widget-style panel-widget-style-for-w5acf1d9166d27-0-0-2\" ><h3 class=\"widget-title\">WALZER Anwaltskanzlei<\/h3><div class=\"textwidget\"><p>Martin Walzer, LL.M.<br \/>Rechtsanwalt<\/p>\n<p>Benrather Str. 11<br \/>40213 D\u00fcsseldorf<\/p>\n<p>Tel.: 0211 - 32 87 50<br \/><a href=\"&#x6d;a&#x69;&#108;&#x74;&#111;:&#x77;&#97;&#x6c;&#122;e&#x72;&#64;&#x6f;&#110;l&#x69;n&#x65;&#97;&#x6e;&#x77;a&#x6c;&#116;&#x2e;&#99;o&#x6d;\">&#119;&#x61;&#108;&#x7a;e&#x72;&#64;&#111;&#x6e;&#108;&#x69;&#110;&#x65;a&#x6e;w&#97;&#x6c;&#116;&#x2e;c&#x6f;m<\/a><\/p>\n<\/div><\/div><\/div><\/div><\/div><\/div><\/div><\/div><\/div><\/div><div id=\"pgc-237-0-1\"  class=\"panel-grid-cell\" ><div id=\"panel-237-0-1-0\" class=\"so-panel widget widget_black-studio-tinymce widget_black_studio_tinymce panel-first-child\" data-index=\"1\" ><div class=\"textwidget\"><h1>Martin Walzer<\/h1>\n<h4>, LL.M.<br \/>\u00a0<\/h4>\n<p><strong>Rechtsanwalt<\/strong><br \/> <strong>Fachanwalt f\u00fcr Informationstechnologierecht (IT-Recht)<\/strong><br \/> <strong>LL.M. Informationstechnologierecht (IT-Recht)<\/strong><\/p>\n<ul>\n<li>Zivil- und Wirtschaftsrecht<\/li>\n<li>IT-Recht, Internetrecht, Urheberrecht, Medienrecht<\/li>\n<li>Vertragsrecht, AGB-Recht, Lizenzrecht<\/li>\n<li>Wettbewerbsrecht, Markenrecht, Kartellrecht<\/li>\n<li>Handels- und Gesellschaftsrecht<\/li>\n<li>Mahnverfahren, Forderungsbeitreibung, Inkasso Deutschland \/ EU \/ Schweiz<\/li>\n<li>Baurecht (privat), Werkvertragsrecht<\/li>\n<li>Arbeitnehmer\u00fcberlassungsrecht (A\u00dcG), Arbeitsrecht<\/li>\n<li>Versicherungsrecht, Bankrecht, Kapitalmarktrecht<\/li>\n<\/ul>\n<p>\u00a0<strong>Sprachen: Deutsch, Englisch, Franz\u00f6sisch<\/strong><\/p>\n<\/div><\/div><div id=\"panel-237-0-1-1\" class=\"so-panel widget widget_black-studio-tinymce widget_black_studio_tinymce panel-last-child\" data-index=\"2\" ><div id=\"Vita\" class=\"panel-widget-style panel-widget-style-for-237-0-1-1\" ><h3 class=\"widget-title\">Beruflicher Werdegang<\/h3><div class=\"textwidget\"><ul>\n<li>Studium der Rechtswissenschaften an den Universit\u00e4ten K\u00f6ln und D\u00fcsseldorf.<br \/>(1. Staatsexamen, Wahlfach: Internationales Privatrecht)<\/li>\n<li>Rechtsreferendariat u. a. bei internationalen Wirtschaftskanzleien, bei dem Landgericht D\u00fcsseldorf und bei dem Oberb\u00fcrgermeister der Stadt D\u00fcsseldorf (2. Staatsexamen, Wahlfach: Arbeitsrecht)<\/li>\n<li>T\u00e4tigkeit als Unternehmensberater u. a. in den Bereichen Strategieberatung, Outsourcing, Personalmanagementberatung, Beratung von Gesch\u00e4ftsf\u00fchrern, Restrukturierung und Sanierung<\/li>\n<li>Erwerb des akademischen Grades \"Master of Laws\" (LL.M.) an der Universit\u00e4t D\u00fcsseldorf mit den Schwerpunkten IT-Recht, Wettbewerbsrecht, Urheberrecht, Markenrecht, Internetrecht<\/li>\n<li>Verleihung der Fachanwaltsbezeichnung \"Fachanwalt f\u00fcr Informationstechnologierecht\" durch die Rechtsanwaltskammer D\u00fcsseldorf<\/li>\n<li>2006 - 2017: Anwaltliche T\u00e4tigkeit bei der Kanzlei Kreuzkamp &amp; Partner, D\u00fcsseldorf<\/li>\n<\/ul>\n<\/div><\/div><\/div><\/div><\/div><div id=\"pg-237-1\"  class=\"panel-grid panel-has-style\" ><div id=\"Termine\" class=\"panel-row-style panel-row-style-for-237-1\" ><div id=\"pgc-237-1-0\"  class=\"panel-grid-cell\" ><div id=\"panel-237-1-0-0\" class=\"so-panel widget widget_black-studio-tinymce widget_black_studio_tinymce panel-first-child panel-last-child\" data-index=\"3\" ><h3 class=\"widget-title\">Anfragen &#038; Termine<\/h3><div class=\"textwidget\"><p>Auf die H\u00f6he von Anwaltsgeb\u00fchren werden Sie selbstverst\u00e4ndlich VOR deren Entstehung ausdr\u00fccklich hingewiesen. In vielen F\u00e4llen sind eine kurze \u00fcberschl\u00e4gige Sichtung der Angelegenheit sowie erste einf\u00fchrende Hinweise f\u00fcr Sie kostenlos.<\/p>\n<p>Eine anwaltliche Erstberatung beinhaltet die \u00fcberschl\u00e4gige Pr\u00fcfung und Er\u00f6rterung Ihres Rechtsproblems.<br \/>F\u00fcr Privatpersonen bieten wir sie zum Preis ab 120 \u20ac inkl. USt. an. Die Kosten einer Erstberatung werden mit Kosten f\u00fcr etwaige weitere T\u00e4tigkeiten in derselben Angelegenheit verrechnet.<\/p>\n<p>Unsere Kanzlei ist auf eine m\u00f6glichst schnelle und kompetente L\u00f6sung der anstehenden Rechtsfragen ausgerichtet. Auf Wunsch erhalten Sie in Eilf\u00e4llen innerhalb von 48 Stunden einen Erstberatungstermin. Erste Anspruchsschreiben werden auf Wunsch in Eilf\u00e4llen regelm\u00e4\u00dfig innerhalb von 24 Stunden nach der Beauftragung aufgesetzt. Dies gilt auf Wunsch auch f\u00fcr Mahnbescheidsantr\u00e4ge.<\/p>\n<p>Zahlreiche Leistungen erbringen wir f\u00fcr Sie bundesweit und sind insbesondere vor allen deutschen Amts-, Land- und Oberlandesgerichten vertretungsberechtigt.<\/p>\n<p><strong>Nutzen Sie unseren R\u00fcckruf-Service:<br \/><\/strong>F\u00fcr Ihre Rechtsanfrage sowie zur Vereinbarung eines Termins senden Sie uns gerne eine <strong>E-Mail an<\/strong> <a href=\"&#x6d;&#x61;&#105;&#108;t&#x6f;&#x3a;&#x77;&#97;&#108;z&#x65;&#x72;&#x40;&#111;&#110;l&#x69;&#x6e;&#x65;&#97;&#110;w&#x61;&#x6c;&#x74;&#46;co&#x6d;\">walz&#101;&#114;&#64;&#111;&#110;&#108;&#105;&#x6e;&#x65;&#x61;&#x6e;&#x77;&#x61;&#x6c;&#x74;&#x2e;com<\/a> (Bitte angeben: Name, Handy-\/Telefonnummer und ggf. kurze Beschreibung Ihres Anliegens). Hierzu k\u00f6nnen Sie auch das E-Mail-Kontaktformular weiter unten verwenden. Wir werden Sie dann schnellstm\u00f6glich kontaktieren.<br \/><strong>Oder rufen Sie uns an:<\/strong> Telefon 0211 - 32 87 50.<\/p>\n<\/div><\/div><\/div><\/div><\/div><div id=\"pg-237-2\"  class=\"panel-grid panel-has-style\" ><div class=\"so-parallax siteorigin-panels-stretch panel-row-style panel-row-style-for-237-2\" data-stretch-type=\"full-stretched\" ><img fetchpriority=\"high\" decoding=\"async\" width=\"1900\" height=\"1066\" src=\"https:\/\/www.onlineanwalt.com\/Martin-Walzer\/wp-content\/uploads\/2017\/11\/Globusm.jpg\" class=\"attachment-full size-full\" alt=\"\" data-siteorigin-parallax=\"true\" loading=\"eager\" srcset=\"https:\/\/www.onlineanwalt.com\/Martin-Walzer\/wp-content\/uploads\/2017\/11\/Globusm.jpg 1900w, https:\/\/www.onlineanwalt.com\/Martin-Walzer\/wp-content\/uploads\/2017\/11\/Globusm-300x168.jpg 300w, https:\/\/www.onlineanwalt.com\/Martin-Walzer\/wp-content\/uploads\/2017\/11\/Globusm-768x431.jpg 768w, https:\/\/www.onlineanwalt.com\/Martin-Walzer\/wp-content\/uploads\/2017\/11\/Globusm-1024x575.jpg 1024w, https:\/\/www.onlineanwalt.com\/Martin-Walzer\/wp-content\/uploads\/2017\/11\/Globusm-1200x673.jpg 1200w\" sizes=\"(max-width: 709px) 85vw, (max-width: 909px) 67vw, (max-width: 1362px) 62vw, 840px\" \/><div id=\"pgc-237-2-0\"  class=\"panel-grid-cell\" ><div id=\"panel-237-2-0-0\" class=\"so-panel widget widget_siteorigin-panels-builder panel-first-child panel-last-child\" data-index=\"4\" ><div id=\"pl-w5acf1d9166e1f\"  class=\"panel-layout\" ><div id=\"pg-w5acf1d9166e1f-0\"  class=\"panel-grid panel-has-style\" ><div id=\"Vertretung\" class=\"panel-row-style panel-row-style-for-w5acf1d9166e1f-0\" ><div id=\"pgc-w5acf1d9166e1f-0-0\"  class=\"panel-grid-cell\" ><div id=\"panel-w5acf1d9166e1f-0-0-0\" class=\"so-panel widget widget_black-studio-tinymce widget_black_studio_tinymce panel-first-child panel-last-child\" data-index=\"0\" ><div class=\"panel-widget-style panel-widget-style-for-w5acf1d9166e1f-0-0-0\" ><div class=\"textwidget\"><p style=\"text-align: center;\"><img loading=\"lazy\" decoding=\"async\" class=\"aligncenter size-full wp-image-101\" src=\"https:\/\/www.onlineanwalt.com\/Martin-Walzer\/wp-content\/uploads\/2017\/11\/Martin-Walzer-Rechtsanwalt.jpg\" alt=\"Martin Walzer Rechtsanwalt D\u00fcsseldorf - Anwaltliche Vertretung\" width=\"350\" height=\"380\" \/><\/p>\n<\/div><\/div><\/div><\/div><div id=\"pgc-w5acf1d9166e1f-0-1\"  class=\"panel-grid-cell\" ><div id=\"panel-w5acf1d9166e1f-0-1-0\" class=\"so-panel widget widget_black-studio-tinymce widget_black_studio_tinymce panel-first-child panel-last-child\" data-index=\"1\" ><div id=\"Vertretung-rechts\" class=\"panel-widget-style panel-widget-style-for-w5acf1d9166e1f-0-1-0\" ><h3 class=\"widget-title\">Anwaltliche Vertretung<\/h3><div class=\"textwidget\"><ul>\n<li>Alle deutschen Amts-, Land- und Oberlandesgerichte<\/li>\n<li>Bundespatentgericht<\/li>\n<li>Bundesgerichtshof in Verfahren mit dem Bundespatentgericht als Vorinstanz<\/li>\n<li>Deutsches Patent- und Markenamt (M\u00fcnchen)<\/li>\n<li>Europ\u00e4isches Patentamt (M\u00fcnchen)<\/li>\n<li>Europ\u00e4isches Marken- und Geschmacksmusteramt (Alicante)<\/li>\n<li>Weltorganisation f\u00fcr geistiges Eigentum (WIPO, Genf, zust\u00e4ndig f\u00fcr internationale Schutzrechtsanmeldungen)<\/li>\n<\/ul>\n<\/div><\/div><\/div><\/div><\/div><\/div><\/div><\/div><\/div><\/div><\/div><div id=\"pg-237-3\"  class=\"panel-grid panel-has-style\" ><div id=\"Publikationen\" class=\"panel-row-style panel-row-style-for-237-3\" ><div id=\"pgc-237-3-0\"  class=\"panel-grid-cell\" ><div id=\"panel-237-3-0-0\" class=\"so-panel widget widget_black-studio-tinymce widget_black_studio_tinymce panel-first-child panel-last-child\" data-index=\"5\" ><h3 class=\"widget-title\">Auszug aus Ver\u00f6ffentlichungen<\/h3><div class=\"textwidget\"><ul>\n<li>Thema: \"Abmahnung von Unternehmen und Online-Shops\"<\/li>\n<li>Thema: \"Kunde zahlt nicht, was nun? - M\u00f6glichkeiten der Forderungsdurchsetzung\"<\/li>\n<li>Thema: \"Angabe \"versicherter Versand\" verst\u00f6\u00dft gegen Wettbewerbsrecht\"<\/li>\n<li>Thema: \"Europ\u00e4ischer Gerichtshof: Mangelhafte Ware ist kostenlos umzutauschen\"<\/li>\n<li>Thema: \"Vorsicht Abmahnung \u2013 Tipps f\u00fcr Online-Shops und andere Unternehmen\u201c ver\u00f6ffentlicht auf www.existenzgruender.de, dem Existenzgr\u00fcndungsportal des Bundesministeriums f\u00fcr Wirtschaft und Technologie<\/li>\n<li>Thema: \u201eAnbieterkennzeichnung der gewerblichen Homepage\u201c , ver\u00f6ffentlicht in der Kammerzeitschrift \u201eThema Wirtschaft\u201c der IHK Duisburg (Ausgabe 12\/1999)<\/li>\n<\/ul>\n<\/div><\/div><\/div><div id=\"pgc-237-3-1\"  class=\"panel-grid-cell\" ><div id=\"panel-237-3-1-0\" class=\"so-panel widget widget_black-studio-tinymce widget_black_studio_tinymce panel-first-child panel-last-child\" data-index=\"6\" ><h3 class=\"widget-title\">Schulungen &#038; Publikationen<\/h3><div class=\"textwidget\"><ul>\n<li>Durchf\u00fchrung von Schulungen, Seminaren und Workshops, u. a. im Bank- und Kapitalmarktrecht, im Arbeitsrecht sowie im Wettbewerbsrecht, f\u00fcr die Frankfurt School of Finance and Management sowie f\u00fcr Wirtschaftsunternehmen<\/li>\n<li>Ver\u00f6ffentlichung von Beitr\u00e4gen zu den Themen \"Wirtschaft und Recht\" u. a. f\u00fcr die Wirtschaftszeitung \"unternehmen!\" (Herausgeber: Unternehmerverband Duisburg) sowie f\u00fcr das Bundesministerium f\u00fcr Wirtschaft und Technologie (Berlin)<\/li>\n<\/ul>\n<\/div><\/div><\/div><\/div><\/div><div id=\"pg-237-4\"  class=\"panel-grid panel-has-style\" ><div id=\"Kontakt\" class=\"panel-row-style panel-row-style-for-237-4\" ><div id=\"pgc-237-4-0\"  class=\"panel-grid-cell\" ><div id=\"panel-237-4-0-0\" class=\"so-panel widget widget_black-studio-tinymce widget_black_studio_tinymce panel-first-child panel-last-child\" data-index=\"7\" ><h3 class=\"widget-title\">Kontakt<\/h3><div class=\"textwidget\"><p>\n<div class=\"wpcf7 no-js\" id=\"wpcf7-f173-o1\" lang=\"de-DE\" dir=\"ltr\">\n<div class=\"screen-reader-response\"><p role=\"status\" aria-live=\"polite\" aria-atomic=\"true\"><\/p> <ul><\/ul><\/div>\n<form action=\"\/Martin-Walzer\/wp-json\/wp\/v2\/pages\/237#wpcf7-f173-o1\" method=\"post\" class=\"wpcf7-form init\" aria-label=\"Kontaktformular\" novalidate=\"novalidate\" data-status=\"init\">\n<div style=\"display: none;\">\n<input type=\"hidden\" name=\"_wpcf7\" value=\"173\" \/>\n<input type=\"hidden\" name=\"_wpcf7_version\" value=\"5.8.5\" \/>\n<input type=\"hidden\" name=\"_wpcf7_locale\" value=\"de_DE\" \/>\n<input type=\"hidden\" name=\"_wpcf7_unit_tag\" value=\"wpcf7-f173-o1\" \/>\n<input type=\"hidden\" name=\"_wpcf7_container_post\" value=\"0\" \/>\n<input type=\"hidden\" name=\"_wpcf7_posted_data_hash\" value=\"\" \/>\n<\/div>\n<p><span class=\"wpcf7-form-control-wrap\" data-name=\"your-name\"><input size=\"40\" class=\"wpcf7-form-control wpcf7-text wpcf7-validates-as-required inpeigen\" aria-required=\"true\" aria-invalid=\"false\" placeholder=\"Vor- \/ Nachname*\" value=\"\" type=\"text\" name=\"your-name\" \/><\/span><br \/>\n<span class=\"wpcf7-form-control-wrap\" data-name=\"your-email\"><input size=\"40\" class=\"wpcf7-form-control wpcf7-email wpcf7-validates-as-required wpcf7-text wpcf7-validates-as-email inpeigen\" aria-required=\"true\" aria-invalid=\"false\" placeholder=\"E-Mail*\" value=\"\" type=\"email\" name=\"your-email\" \/><\/span><br \/>\n<span class=\"wpcf7-form-control-wrap\" data-name=\"your-phone\"><input size=\"40\" class=\"wpcf7-form-control wpcf7-tel wpcf7-validates-as-required wpcf7-text wpcf7-validates-as-tel inpeigen\" aria-required=\"true\" aria-invalid=\"false\" placeholder=\"Telefon*\" value=\"\" type=\"tel\" name=\"your-phone\" \/><\/span><br \/>\n<span class=\"wpcf7-form-control-wrap\" data-name=\"your-message\"><textarea cols=\"40\" rows=\"10\" class=\"wpcf7-form-control wpcf7-textarea texeigen\" aria-invalid=\"false\" placeholder=\"Nachricht\" name=\"your-message\"><\/textarea><\/span><br \/>\n<span id=\"wpcf7-6a02ff6096d4f-wrapper\" class=\"wpcf7-form-control-wrap honeypot-378-wrap\" ><input id=\"wpcf7-6a02ff6096d4f-field\"  class=\"wpcf7-form-control wpcf7-text\" type=\"text\" name=\"honeypot-378\" value=\"\" size=\"40\" tabindex=\"-1\" autocomplete=\"new-password\" \/><\/span>\n<\/p>\n<p style=\"font-size:11px;line-height:15px !important;margin-top:20px;\"><span class=\"wpcf7-form-control-wrap\" data-name=\"privacy\"><span class=\"wpcf7-form-control wpcf7-checkbox wpcf7-validates-as-required\" id=\"con\"><span class=\"wpcf7-list-item first last\"><input type=\"checkbox\" name=\"privacy[]\" value=\"*\" \/><span class=\"wpcf7-list-item-label\">*<\/span><\/span><\/span><\/span> Ich stimme zu, dass meine Angaben aus dem Kontaktformular zur Beantwortung meiner Anfrage erhoben und verarbeitet werden. Die Daten werden nach abgeschlossener Bearbeitung Ihrer Anfrage gel\u00f6scht. Hinweis: Sie k\u00f6nnen Ihre Einwilligung jederzeit f\u00fcr die Zukunft per E-Mail an wa&#108;&#122;&#101;&#x72;&#x40;&#x6f;&#x6e;&#x6c;in&#101;&#97;&#110;&#x77;&#x61;&#x6c;&#x74;&#x2e;co&#109; widerrufen. Detaillierte Informationen zum Umgang mit Nutzerdaten finden Sie in unserer <a href=\"https:\/\/www.onlineanwalt.com\/Martin-Walzer\/de\/datenschutzerklaerung\/\" style=\"text-decoration:underline;font-size:11px;line-height:15px !important;\">Datenschutzerkl\u00e4rung<\/a>.\n<\/p>\n<p><input class=\"wpcf7-form-control wpcf7-submit has-spinner subeigen\" type=\"submit\" value=\"Senden\" \/>\n<\/p><div class=\"wpcf7-response-output\" aria-hidden=\"true\"><\/div>\n<\/form>\n<\/div>\n<\/p>\n<\/div><\/div><\/div><div id=\"pgc-237-4-1\"  class=\"panel-grid-cell\" ><div id=\"panel-237-4-1-0\" class=\"so-panel widget widget_black-studio-tinymce widget_black_studio_tinymce panel-first-child panel-last-child\" data-index=\"8\" ><h3 class=\"widget-title\">Anfahrt<\/h3><div class=\"textwidget\"><p>Route auf Google Maps berechnen:<\/p>\n<p><a title=\"Route zu Anwaltskanzlei Walzer berechnen\" href=\"https:\/\/maps.google.com\/maps?daddr=Benrather+Str+11+40213+D\u00fcsseldorf\" target=\"_blank\" rel=\"noopener\"><img loading=\"lazy\" decoding=\"async\" class=\"aligncenter size-full wp-image-409\" src=\"https:\/\/www.onlineanwalt.com\/Martin-Walzer\/wp-content\/uploads\/2017\/11\/Walzer-Maps.jpg\" alt=\"\" width=\"657\" height=\"405\" srcset=\"https:\/\/www.onlineanwalt.com\/Martin-Walzer\/wp-content\/uploads\/2017\/11\/Walzer-Maps.jpg 657w, https:\/\/www.onlineanwalt.com\/Martin-Walzer\/wp-content\/uploads\/2017\/11\/Walzer-Maps-300x185.jpg 300w\" sizes=\"(max-width: 657px) 85vw, 657px\" \/><\/a><small>Es gilt die <a href=\"https:\/\/policies.google.com\/privacy?hl=de&amp;gl=de\" target=\"_blank\" rel=\"noopener\">Datenschutzerkl\u00e4rung<\/a> von Google<\/small><\/p>\n<\/div><\/div><\/div><\/div><\/div><\/div>","protected":false},"excerpt":{"rendered":"<p>Martin Walzer , LL.M.\u00a0 Rechtsanwalt Fachanwalt f\u00fcr Informationstechnologierecht (IT-Recht) LL.M. Informationstechnologierecht (IT-Recht) Zivil- und Wirtschaftsrecht IT-Recht, Internetrecht, Urheberrecht, Medienrecht Vertragsrecht, AGB-Recht, Lizenzrecht Wettbewerbsrecht, Markenrecht, Kartellrecht Handels- und Gesellschaftsrecht Mahnverfahren, Forderungsbeitreibung, Inkasso Deutschland \/ EU \/ Schweiz Baurecht (privat), Werkvertragsrecht Arbeitnehmer\u00fcberlassungsrecht (A\u00dcG), Arbeitsrecht Versicherungsrecht, Bankrecht, Kapitalmarktrecht \u00a0Sprachen: Deutsch, Englisch, Franz\u00f6sisch Studium der Rechtswissenschaften an den Universit\u00e4ten &hellip; <a href=\"https:\/\/www.onlineanwalt.com\/Martin-Walzer\/de\/anwaltskanzlei\/\" class=\"more-link\"><span class=\"screen-reader-text\">\u201eAnwaltskanzlei\u201c<\/span> weiterlesen<\/a><\/p>\n","protected":false},"author":1,"featured_media":0,"parent":0,"menu_order":0,"comment_status":"closed","ping_status":"closed","template":"","meta":{"footnotes":""},"_links":{"self":[{"href":"https:\/\/www.onlineanwalt.com\/Martin-Walzer\/wp-json\/wp\/v2\/pages\/237"}],"collection":[{"href":"https:\/\/www.onlineanwalt.com\/Martin-Walzer\/wp-json\/wp\/v2\/pages"}],"about":[{"href":"https:\/\/www.onlineanwalt.com\/Martin-Walzer\/wp-json\/wp\/v2\/types\/page"}],"author":[{"embeddable":true,"href":"https:\/\/www.onlineanwalt.com\/Martin-Walzer\/wp-json\/wp\/v2\/users\/1"}],"replies":[{"embeddable":true,"href":"https:\/\/www.onlineanwalt.com\/Martin-Walzer\/wp-json\/wp\/v2\/comments?post=237"}],"version-history":[{"count":39,"href":"https:\/\/www.onlineanwalt.com\/Martin-Walzer\/wp-json\/wp\/v2\/pages\/237\/revisions"}],"predecessor-version":[{"id":469,"href":"https:\/\/www.onlineanwalt.com\/Martin-Walzer\/wp-json\/wp\/v2\/pages\/237\/revisions\/469"}],"wp:attachment":[{"href":"https:\/\/www.onlineanwalt.com\/Martin-Walzer\/wp-json\/wp\/v2\/media?parent=237"}],"curies":[{"name":"wp","href":"https:\/\/api.w.org\/{rel}","templated":true}]}}